248118?
2
What is the units digit of 85357?
7
What is the ten thousands digit of 32124?
3
What is the ten thousands digit of 18944254?
4
What is the units digit of 528058?
8
What is the tens digit of 5134651?
5
What is the hundred thousands digit of 2703303?
7
What is the ten thousands digit of 13213858?
1
What is the thousands digit of 2209368?
9
What is the ten thousands digit of 3790210?
9
What is the thousands digit of 41032?
1
What is the tens digit of 189000?
0
What is the ten thousands digit of 22539689?
3
What is the tens digit of 588136?
3
What is the hundred thousands digit of 4165786?
1
What is the tens digit of 596146?
4
What is the tens digit of 996553?
5
What is the ten millions digit of 13384494?
1
What is the hundred thousands digit of 31369392?
3
What is the ten millions digit of 23494443?
2
What is the units digit of 7561296?
6
What is the tens digit of 3637528?
2
What is the thousands digit of 9630326?
0
What is the millions digit of 15565819?
5
What is the tens digit of 412727?
2
What is the tens digit of 738249?
4
What is the ten millions digit of 12143303?
1
What is the units digit of 13474220?
0
What is the thousands digit of 170956?
0
What is the hundred thousands digit of 137238?
1
What is the ten thousands digit of 1667702?
6
What is the units digit of 189315?
5
What is the tens digit of 1431500?
0
What is the millions digit of 3708407?
3
What is the thousands digit of 641223?
1
What is the thousands digit of 29220?
9
What is the tens digit of 3467118?
1
What is the thousands digit of 310019?
0
What is the tens digit of 178116?
1
What is the millions digit of 12456001?
2
What is the tens digit of 7476688?
8
What is the units digit of 181387?
7
What is the units digit of 29963158?
8
What is the ten thousands digit of 243994?
4
What is the tens digit of 6932585?
8
What is the hundreds digit of 26412981?
9
What is the thousands digit of 6257254?
7
What is the hundred thousands digit of 153844?
1
What is the ten thousands digit of 825471?
2
What is the millions digit of 9707112?
9
What is the ten thousands digit of 6744747?
4
What is the hundreds digit of 1821639?
6
What is the units digit of 140720?
0
What is the units digit of 418677?
7
What is the ten thousands digit of 181555?
8
What is the units digit of 3845539?
9
What is the tens digit of 14480800?
0
What is the tens digit of 1456799?
9
What is the hundred thousands digit of 1318104?
3
What is the units digit of 3695368?
8
What is the hundreds digit of 70344?
3
What is the ten thousands digit of 317238?
1
What is the ten thousands digit of 5428971?
2
What is the tens digit of 311400?
0
What is the hundreds digit of 5698926?
9
What is the units digit of 222943?
3
What is the hundreds digit of 734207?
2
What is the thousands digit of 567656?
7
What is the ten thousands digit of 416244?
1
What is the tens digit of 4178758?
5
What is the units digit of 48594?
4
What is the hundred thousands digit of 4955153?
9
What is the tens digit of 310154?
5
What is the hundred thousands digit of 17868374?
8
What is the units digit of 2144469?
9
What is the units digit of 244948?
8
What is the tens digit of 3836767?
6
What is the ten thousands digit of 248761?
4
What is the ten thousands digit of 2388588?
8
What is the hundreds digit of 1051?
0
What is the thousands digit of 2701462?
1
What is the tens digit of 10386578?
7
What is the units digit of 15058530?
0
What is the ten thousands digit of 1585337?
8
What is the thousands digit of 424443?
4
What is the ten thousands digit of 297835?
9
What is the tens digit of 11112553?
5
What is the thousands digit of 879107?
9
What is the hundred thousands digit of 697155?
6
What is the units digit of 369674?
4
What is the tens digit of 1167991?
9
What is the ten thousands digit of 7735168?
3
What is the thousands digit of 6378862?
8
What is the ten thousands digit of 1284680?
8
What is the units digit of 3630559?
9
What is the hundred thousands digit of 314511?
3
What is the ten thousands digit of 23009651?
0
What is the tens digit of 6756703?
0
What is the hundred thousands digit of 442283?
4
What is the hundred thousands digit of 399646?
3
What is the units digit of 1740532?
2
What is the thousands digit of 59611?
9
What is the hundred thousands digit of 1268453?
2
What is the ten thousands digit of 3289182?
8
What is the hundreds digit of 1242051?
0
What is the thousands digit of 37619?
7
What is the thousands digit of 537658?
7
What is the hundred thousands digit of 3347566?
3
What is the units digit of 413572?
2
What is the hundred thousands digit of 1813317?
8
What is the ten thousands digit of 450573?
5
What is the units digit of 1435906?
6
What is the hundred thousands digit of 4881075?
8
What is the hundred thousands digit of 1355834?
3
What is the ten thousands digit of 8032433?
3
What is the tens digit of 1838923?
2
What is the thousands digit of 552106?
2
What is the hundreds digit of 2623407?
4
What is the tens digit of 266398?
9
What is the thousands digit of 15117152?
7
What is the millions digit of 2846162?
2
What is the hundred thousands digit of 9420291?
4
What is the hundreds digit of 2966876?
8
What is the hundreds digit of 2245564?
5
What is the units digit of 1697546?
6
What is the hundred thousands digit of 24277657?
2
What is the thousands digit of 248237?
8
What is the ten thousands digit of 612476?
1
What is the ten thousands digit of 14584845?
8
What is the units digit of 244996?
6
What is the units digit of 23308346?
6
What is the units digit of 26409950?
0
What is the ten thousands digit of 259147?
5
What is the millions digit of 1354151?
1
What is the units digit of 10692168?
8
What is the hundreds digit of 1071351?
3
What is the units digit of 92423?
3
What is the hundred thousands digit of 10087004?
0
What is the ten millions digit of 14989657?
1
What is the tens digit of 4436?
3
What is the tens digit of 2976575?
7
What is the millions digit of 11289322?
1
What is the thousands digit of 1163858?
3
What is the tens digit of 426509?
0
What is the tens digit of 304682?
8
What is the ten thousands digit of 913889?
1
What is the ten thousands digit of 799313?
9
What is the hundred thousands digit of 1891674?
8
What is the units digit of 837674?
4
What is the units digit of 11142049?
9
What is the thousands digit of 1692500?
2
What is the units digit of 46185?
5
What is the thousands digit of 8291943?
1
What is the thousands digit of 8814481?
4
What is the hundreds digit of 1528991?
9
What is the ten thousands digit of 486253?
8
What is the hundreds digit of 3448273?
2
What is the hundred thousands digit of 8805334?
8
What is the hundreds digit of 44920?
9
What is the ten thousands digit of 12380?
1
What is the units digit of 268711?
1
What is the units digit of 1195780?
0
What is the units digit of 303467?
7
What is the tens digit of 9637888?
8
What is the tens digit of 375478?
7
What is the units digit of 1987221?
1
What is the hundreds digit of 29402412?
4
What is the thousands digit of 5403058?
3
What is the hundred thousands digit of 15103312?
1
What is the units digit of 33557646?
6
What is the hundreds digit of 470535?
5
What is the units digit of 8357939?
9
What is the thousands digit of 96413?
6
What is the tens digit of 7459123?
2
What is the thousands digit of 448351?
8
What is the units digit of 7127473?
3
What is the hundred thousands digit of 141365?
1
What is the units digit of 412593?
3
What is the ten thousands digit of 592611?
9
What is the ten thousands digit of 4306731?
0
What is the millions digit of 7618042?
7
What is the tens digit of 4979252?
5
What is the hundred thousands digit of 432317?
4
What is the hundred thousands digit of 275248?
2
What is the millions digit of 6719748?
6
What is the units digit of 972267?
7
What is the thousands digit of 69675?
9
What is the units digit of 718671?
1
What is the millions digit of 14176281?
4
What is the hundreds digit of 384886?
8
What is the thousands digit of 1635003?
5
What is the thousands digit of 3059553?
9
What is the tens digit of 11581340?
4
What is the units digit of 346200?
0
What is the units digit of 362023?
3
What is the hundreds digit of 572787?
7
What is the tens digit of 251745?
4
What is the hundreds digit of 3677870?
8
What